lculate the greatest common divisor of 12 and 13368.
12
Calculate the highest common divisor of 132 and 108.
12
What is the greatest common factor of 261 and 406?
29
What is the greatest common factor of 598 and 46?
46
Calculate the greatest common factor of 3 and 51.
3
Calculate the highest common divisor of 391 and 1105.
17
What is the greatest common divisor of 3136 and 560?
112
What is the greatest common factor of 2048 and 1216?
64
What is the greatest common factor of 67 and 1675?
67
Calculate the highest common divisor of 319 and 203.
29
Calculate the greatest common divisor of 385 and 110.
55
What is the greatest common divisor of 160 and 70?
10
What is the highest common factor of 62 and 1333?
31
What is the greatest common factor of 256 and 320?
64
What is the greatest common factor of 234 and 7416?
18
What is the highest common factor of 121 and 99?
11
Calculate the highest common divisor of 117 and 45.
9
What is the greatest common divisor of 42 and 1134?
42
Calculate the greatest common divisor of 5388 and 12.
12
Calculate the greatest common divisor of 13 and 1027.
13
What is the greatest common divisor of 23 and 759?
23
Calculate the greatest common factor of 26 and 4381.
13
Calculate the highest common factor of 27 and 342.
9
Calculate the highest common divisor of 31 and 837.
31
Calculate the highest common divisor of 85 and 153.
17
What is the greatest common divisor of 61 and 793?
61
What is the greatest common divisor of 384 and 156?
12
Calculate the highest common divisor of 40 and 7405.
5
What is the highest common divisor of 14 and 42?
14
Calculate the greatest common factor of 51 and 51.
51
What is the greatest common divisor of 18 and 1926?
18
What is the greatest common factor of 4 and 94?
2
What is the greatest common factor of 8030 and 880?
110
Calculate the greatest common factor of 1064 and 56.
56
What is the highest common factor of 45 and 180?
45
What is the greatest common factor of 105 and 255?
15
What is the greatest common factor of 14 and 48454?
14
What is the greatest common factor of 955 and 2483?
191
Calculate the greatest common divisor of 105 and 76965.
105
Calculate the greatest common divisor of 1245 and 15.
15
Calculate the greatest common factor of 96 and 324.
12
What is the highest common factor of 261 and 493?
29
Calculate the greatest common divisor of 65 and 143.
13
Calculate the greatest common factor of 3 and 21.
3
What is the highest common factor of 208 and 325?
13
Calculate the greatest common divisor of 64 and 12.
4
Calculate the highest common divisor of 2043 and 54.
9
What is the highest common factor of 162 and 567?
81
Calculate the highest common divisor of 14 and 161.
7
Calculate the greatest common divisor of 124 and 8.
4
What is the highest common factor of 35 and 1015?
35
Calculate the highest common factor of 365 and 87965.
365
Calculate the highest common divisor of 94 and 611.
47
What is the greatest common factor of 18 and 18432?
18
Calculate the greatest common factor of 1150 and 100.
50
Calculate the highest common divisor of 3568 and 80.
16
Calculate the highest common factor of 1073 and 261.
29
What is the highest common factor of 432 and 416?
16
What is the greatest common divisor of 266 and 42?
14
Calculate the greatest common factor of 369 and 2993.
41
What is the greatest common divisor of 238 and 34?
34
What is the greatest common divisor of 1580 and 20?
20
Calculate the greatest common divisor of 615 and 15.
15
Calculate the greatest common factor of 29 and 319.
29
What is the greatest common divisor of 5 and 280?
5
What is the greatest common factor of 177 and 4248?
177
Calculate the highest common factor of 2006 and 34.
34
Calculate the highest common factor of 1464 and 24.
24
Calculate the highest common divisor of 400 and 4.
4
What is the highest common factor of 48 and 816?
48
Calculate the greatest common divisor of 28 and 378.
14
What is the greatest common factor of 518 and 56?
14
What is the greatest common factor of 88938 and 122?
122
What is the greatest common divisor of 19799 and 13?
13
What is the highest common factor of 13 and 40417?
13
Calculate the greatest common factor of 370 and 9250.
370
Calculate the highest common factor of 1472 and 322.
46
What is the greatest common divisor of 230 and 50?
10
Calculate the highest common divisor of 423 and 297.
9
Calculate the greatest common factor of 135 and 360.
45
What is the greatest common factor of 3160 and 640?
40
What is the greatest common factor of 60534 and 38?
38
What is the greatest common divisor of 3 and 929?
1
Calculate the highest common divisor of 92 and 2185.
23
Calculate the greatest common divisor of 59 and 295.
59
What is the highest common factor of 41850 and 75?
75
Calculate the highest common divisor of 2401 and 98.
49
Calculate the highest common factor of 351 and 13.
13
Calculate the greatest common divisor of 682 and 88.
22
Calculate the highest common factor of 8071 and 14.
7
Calculate the highest common factor of 11 and 10637.
11
What is the greatest common factor of 896 and 42?
14
What is the highest common divisor of 39 and 403?
13
What is the highest common divisor of 192 and 976?
16
Calculate the highest common factor of 143 and 728.
13
Calculate the greatest common divisor of 120 and 840.
120
Calculate the highest common factor of 301 and 7.
7
What is the highest common factor of 20 and 860?
20
What is the highest common factor of 1161 and 43?
43
What is the highest common factor of 26 and 52?
26
What is the greatest common divisor of 2523 and 1392?
87
Calculate the highest common divisor of 636 and 8.
4
Calculate the greatest common divisor of 2 and 526.
2
Calculate the greatest common divisor of 934 and 2.
2
What is the greatest common factor of 124 and 558?
62
What is the greatest common divisor of 7677 and 27?
9
What is the greatest common factor of 1664 and 256?
128
Calculate the greatest common divisor of 460 and 552.
92
Calculate the highest common divisor of 36 and 93.
3
Calculate the highest common divisor of 255 and 1740.
15
Calculate the highest common factor of 7404 and 24.
12
What is the greatest common factor of 18 and 27?
9
What is the greatest common factor of 3 and 3?
3
Calculate the greatest common factor of 1775 and 25.
25
Calculate the highest common divisor of 1592 and 32.
8
What is the greatest common divisor of 2376 and 108?
108
What is the greatest common factor of 170 and 5219?
17
What is the greatest common divisor of 936 and 576?
72
What is the highest common factor of 5320 and 475?
95
What is the greatest common divisor of 221 and 117?
13
What is the highest common divisor of 6 and 456?
6
Calculate the highest common factor of 5577 and 845.
169
What is the greatest common factor of 7223 and 699?
233
What is the highest common factor of 72 and 3816?
72
What is the highest common factor of 84 and 210?
42
What is the highest common divisor of 16 and 248?
8
What is the highest common factor of 1519 and 651?
217
What is the highest common factor of 980 and 70?
70
What is the greatest common divisor of 1196 and 52?
52
What is the highest common factor of 189 and 135?
27
What is the greatest common divisor of 448 and 35?
7
Calculate the greatest common factor of 138 and 55338.
138
Calculate the greatest common factor of 57 and 1862.
19
What is the greatest common divisor of 2895 and 15?
15
What is the greatest common divisor of 625 and 1?
1
Calculate the greatest common divisor of 630 and 1953.
63
What is the greatest common factor of 504 and 49?
7
What is the greatest common divisor of 46 and 2162?
46
Calculate the greatest common factor of 54043 and 17.
17
What is the highest common factor of 2 and 98?
2
What is the greatest common factor of 846 and 18?
18
What is the highest common divisor of 20 and 40?
20
Calculate the highest common factor of 19 and 80123.
19
What is the highest common factor of 1 and 17?
1
Calculate the highest common divisor of 95 and 81.
1
What is the greatest common divisor of 16 and 40?
8
What is the greatest common divisor of 858 and 78?
78
What is the highest common divisor of 100 and 8?
4
What is the highest common divisor of 66 and 88?
22
What is the greatest common divisor of 22 and 1408?
22
What is the greatest comm